at is 1003033322001 - 0?
1003033322001
In base 7, what is -3 - 22243426?
-22243432
In base 4, what is -3110033021303 + -10?
-3110033021313
In base 8, what is -1105 - -2652?
1545
In base 2, what is 1110100111110 + -100110011110?
1001110100000
In base 11, what is 375 + 5a91?
6356
In base 11, what is -3451974 + 118?
-3451857
In base 8, what is 13 - -134477337?
134477352
In base 6, what is -11551 - -2550404?
2534413
In base 4, what is -123 - -1222320231?
1222320102
In base 2, what is -100101010000000001010100001 + 100?
-100101010000000001010011101
In base 13, what is -34 - 25a4a?
-25a81
In base 6, what is -141221 + -122532?
-304153
In base 13, what is -601 - 4b813?
-4c114
In base 6, what is 123122 - -325112?
452234
In base 7, what is -3064 + 2502624?
2466530
In base 5, what is 34303030 - -40?
34303120
In base 9, what is -37812 - -2843?
-34858
In base 10, what is -663 - 28722?
-29385
In base 6, what is 125224 - -101131?
230355
In base 8, what is 0 + -3027527?
-3027527
In base 11, what is 476629a86 + -2?
476629a84
In base 12, what is -140b + 22a9?
a9a
In base 5, what is 1143143 - -213224?
1411422
In base 7, what is -10 - -2602516414?
2602516404
In base 12, what is -5417a + -878?
-54a36
In base 12, what is 0 - 642b508?
-642b508
In base 16, what is -6c + -b76?
-be2
In base 2, what is 10111100001 + 10011010000011111101?
10011010011011011110
In base 12, what is 1268948 + -5?
1268943
In base 9, what is -104614 - 463?
-105177
In base 14, what is 4063 + 232?
4295
In base 16, what is -2b8342 - -10?
-2b8332
In base 9, what is -466140 - 166?
-466316
In base 9, what is 724726 - -8?
724735
In base 4, what is 11 - -2020303233201?
2020303233212
In base 7, what is 5 - 225630332?
-225630324
In base 4, what is -10 - -3302100231?
3302100221
In base 9, what is 15625452 + -24?
15625427
In base 12, what is -619 + 41a673?
41a056
In base 14, what is 1 + -3ca378?
-3ca377
In base 11, what is 11 - -202821?
202832
In base 8, what is 45632 + -214?
45416
In base 8, what is -12113651032 - -2?
-12113651030
In base 10, what is 23 - 211173?
-211150
In base 9, what is -232 - -4204475?
4204243
In base 9, what is -1358 + -52?
-1421
In base 7, what is -2055031 + -12?
-2055043
In base 12, what is -5696 + -2516b?
-2a845
In base 7, what is -156035 - -5?
-156030
In base 8, what is 655 + -1303511?
-1302634
In base 11, what is 335 - 75139?
-74904
In base 3, what is 100011 - 11021200000?
-11021022212
In base 5, what is -122232 - -233230?
110443
In base 8, what is -246732 - -417?
-246313
In base 7, what is 1330530141 + -3?
1330530135
In base 13, what is -7374a - 28?
-73775
In base 6, what is 2 + 122514153?
122514155
In base 3, what is 212012 - 1012100121222?
-1012022202210
In base 10, what is 2 + 5487068?
5487070
In base 3, what is -12210 - -1212011?
1122101
In base 14, what is 1ac + 1ab5b8?
1ab786
In base 14, what is d + -d0477?
-d0468
In base 10, what is -54 - -6701864?
6701810
In base 4, what is -11 - 22102322301?
-22102322312
In base 6, what is -12042322553 + 0?
-12042322553
In base 10, what is 1081070 + -75?
1080995
In base 10, what is 2880733 - -5?
2880738
In base 2, what is 11 + -1111001011110001111000?
-1111001011110001110101
In base 16, what is -13e62 - -5c1?
-138a1
In base 12, what is 809 - -36803?
37410
In base 9, what is -78265 - 1775?
-81151
In base 4, what is -11000 + -1201031?
-1212031
In base 16, what is 10a - -1477e1?
1478eb
In base 11, what is -19 + -370976?
-370994
In base 15, what is -3be6b51 - -a?
-3be6b46
In base 11, what is -5a2 + -63834?
-64326
In base 2, what is 1000 + 1001010111011100011?
1001010111011101011
In base 9, what is -1110113 + 7?
-1110105
In base 15, what is eb4 - -cb46?
db0a
In base 16, what is -25c - 110a2d?
-110c89
In base 16, what is -1baa - -5f60?
43b6
In base 2, what is 1101 + 10111001000011?
10111001010000
In base 2, what is 10011010010111000100101001 + -10?
10011010010111000100100111
In base 9, what is 12426 - 20604?
-7167
In base 15, what is -d6d3d3d - 3?
-d6d3d41
In base 4, what is -2000302030 - -2033?
-2000233331
In base 2, what is 100 - -11111000010010011010?
11111000010010011110
In base 5, what is 21330114443243 + -4?
21330114443234
In base 7, what is -312426064 - -21?
-312426043
In base 3, what is -1100210020122 - -2?
-1100210020120
In base 5, what is 23342 + 1304143?
1333040
In base 11, what is -3 + -2132511?
-2132514
In base 14, what is a1178 + -37?
a1141
In base 8, what is -33160 - 515?
-33675
In base 5, what is -20 + 31120404201?
31120404131
In base 11, what is -1a09a4 + 443?
-1a0561
In base 16, what is -d7f1bef + -1?
-d7f1bf0
In base 16, what is 770 - 12f9?
-b89
In base 6, what is -12541 + -310104?
-323045
In base 4, what is -2013330100032 - -1?
-2013330100031
In base 12, what is -5a90 + -2607?
-8497
In base 14, what is 5 + -a3acc43?
-a3acc3c
In base 5, what is -141413201 + 111?
-141413040
In base 10, what is -11641296 + 4?
-11641292
In base 9, what is -258 + 1156163?
1155804
In base 11, what is -441a110 + 1?
-441a10a
In base 16, what is -5b38 + ec?
-5a4c
In base 16, what is 5 - -1bab77b?
1bab780
In base 11, what is -778 - -11756?
10a89
In base 15, what is -181 + -9c25?
-9da6
In base 10, what is 173546893 + -1?
173546892
In base 9, what is -23747 - -811?
-22836
In base 12, what is -5 - 182515b3?
-182515b8
In base 11, what is 45858 - 614?
45244
In base 4, what is -201021 + 323222?
122201
In base 5, what is 30 - -220212403?
220212433
In base 6, what is 11320405002 + -1?
11320405001
In base 15, what is 49299 + -a3?
491e6
In base 2, what is -101 + 101111010111000011011111?
101111010111000011011010
In base 5, what is 100231032412 - 1?
100231032411
In base 11, what is 44 - -4097a8?
409841
In base 2, what is 1111100111010110 - 1001010?
1111100110001100
In base 2, what is -1011000001001100100010 - 1011101?
-1011000001001101111111
In base 9, what is -1485274 + -202?
-1485476
In base 13, what is 13 + -99419?
-99406
In base 3, what is -21 + -112112201020110?
-112112201020201
In base 4, what is -303221213 + 32?
-303221121
In base 9, what is -834 + 2?
-832
In base 9, what is -25562 + -18?
-25581
In base 10, what is 3986714 - -69?
3986783
In base 13, what is -7778ab - -1?
-7778aa
In base 3, what is -101111221 - 2022000?
-110210221
In base 16, what is 5ef5e3b + -4?
5ef5e37
In base 10, what is -28309 - 448?
-28757
In base 11, what is 119 + -19aa604?
-19aa496
In base 13, what is -1792 - -4b2?
-12b0
In base 14, what is 8 - -357c7b?
357c85
In base 12, what is -151 - 18687?
-18818
In base 15, what is 30 - 17ba4?
-17b74
In base 2, what is 1010001010110001111010000 - 1100?
1010001010110001111000100
In base 13, what is -81aa6 - -c?
-81a97
In base 3, what is 0 - 21020002021?
-21020002021
In base 7, what is -202214 - 153?
-202400
In base 14, what is dd685 + -2d?
dd656
In base 4, what is -31121000 + -1311000?
-33032000
In base 8, what is -1411753 + -362?
-1412335
In base 6, what is 23214150 - -33?
23214223
In base 2, what is 11011001011011001110010 + -1?
11011001011011001110001
In base 10, what is -304 - -401127?
400823
In base 11, what is -11026 - a587?
-20602
In base 13, what is 568863 - 15?
56884b
In base 2, what is 1000011111100011101101010 - 1?
1000011111100011101101001
In base 6, what is 3532 - -215152?
223124
In base 15, what is 34 - 28e48?
-28e14
In base 8, what is 123123401 - 13?
123123366
In base 7, what is -1015234 - -3?
-1015231
In base 14, what is 369 - -7cb7?
8242
In base 15, what is 8cd + -4cea?
-441c
In base 12, what is 26 + -13b9442?
-13b9418
In base 3, what is -110 + 100121202100101?
100121202022221
In base 9, what is -7246233 + 6?
-7246226
In base 8, what is 6164206 + -1?
6164205
In base 5, what is 302241112 - 30?
302241032
In base 4, what is 0 - 2033333?
-2033333
In base 13, what is -31c15a - 51?
-31c1ab
In base 11, what is 1 + 2737107?
2737108
In base 15, what is 3deed9 - 6?
3deed3
In base 2, what is 101110000 + -100010011001010000?
-100010010011100000
In base 11, what is -1a6828 + 8?
-1a6820
In base 8, what is -1113632 - -113?
-1113517
In base 16, what is 4 - -55de80?
55de84
In base 4, what is 131 + 2003223013?
2003223210
In base 2, what is -1110010 - -1100101100111010010111?
1100101100111000100101
In base 11, what is -3 - 3308234?
-3308237
In base 10, what is -10 - -8449009?
8448999
In base 9, what is -154473 + 7330?
-146143
In base 5, 